{"id":175,"date":"2014-06-11T09:06:47","date_gmt":"2014-06-11T06:06:47","guid":{"rendered":"http:\/\/www.pallokarhut.fi\/lentopallo\/?p=175"},"modified":"2025-11-19T15:00:43","modified_gmt":"2025-11-19T13:00:43","slug":"otteluohjelma","status":"publish","type":"page","link":"https:\/\/www.pallokarhut.fi\/lentopallo\/otteluohjelma\/","title":{"rendered":"Otteluohjelma 2025 &#8211; 2026, kotiottelut"},"content":{"rendered":"<h1>P\u00f6lkky Kuusamon ottelu&#173;ohjelma<\/h1>\n<h1>Naisten lentopallon Mestaruusliigan runkosarja, kotipelit<\/h1>\n<table>\n<thead>\n<tr>\n<th>P\u00e4iv\u00e4 ja aika<\/th>\n<th>Ottelu<\/th>\n<\/tr>\n<\/thead>\n<tbody>\n<tr>\n<td>La 27.09.2025 Klo 17:00<\/td>\n<td>P\u00f6lkky &#8211; LiigaPloki<\/td>\n<\/tr>\n<tr>\n<td>Su 19.10.2025 Klo 17:00<\/td>\n<td>P\u00f6lkky &#8211; LP Viesti<\/td>\n<\/tr>\n<tr>\n<td>La 15.11.2025 Klo 17:00<\/td>\n<td>P\u00f6lkky &#8211; LP Kangasala<\/td>\n<\/tr>\n<tr>\n<td>Ma 01.12.2025 Klo 18:30<\/td>\n<td>P\u00f6lkky &#8211; Arctic Wolley<\/td>\n<\/tr>\n<tr>\n<td>Ti 09.12.2025 Klo 18:30<\/td>\n<td>P\u00f6lkky &#8211; OrPo<\/td>\n<\/tr>\n<tr>\n<td>La 13.12.2025 Klo 16:00 (Suomussalmi)<\/td>\n<td>P\u00f6lkky &#8211; Puijo Wolley<\/td>\n<\/tr>\n<tr>\n<td>La 17.01.2026 Klo 17:00 (Raahe)<\/td>\n<td>P\u00f6lkky &#8211; LP-Vampula<\/td>\n<\/tr>\n<tr>\n<td>Ti 20.01.2026 Klo 18:30<\/td>\n<td>P\u00f6lkky &#8211; JymyVolley<\/td>\n<\/tr>\n<tr>\n<td>Ke 04.02.2026 Klo 18:30<\/td>\n<td>P\u00f6lkky &#8211; LiigaPloki<\/td>\n<\/tr>\n<tr>\n<td>Ti 10.02.2026 Klo 18:30<\/td>\n<td>P\u00f6lkky &#8211; LP Viesti<\/td>\n<\/tr>\n<tr>\n<td>La 28.02.2026 Klo 17:00<\/td>\n<td>P\u00f6lkky &#8211; LP Kangasala<\/td>\n<\/tr>\n<tr>\n<td>Su 01.03.2026 Klo 17:00<\/td>\n<td>P\u00f6lkky &#8211; LP-Vampula<\/td>\n<\/tr>\n<\/tbody>\n<\/table>\n<div>\n<h4>P\u00e4\u00e4syliput<\/h4>\n<p>Harjoitusottelut\u00a0 10\u20ac<\/p>\n<p><strong>Runkosarja<\/strong><\/p>\n<p>Aikuiset 18\u20ac<\/p>\n<p>El\u00e4kel\u00e4iset 16\u20ac<br \/>Opiskelijat 16\u20ac<br \/>Alle 15 vuotiaat ilmaiseksi aikuisen mukana.<\/p>\n<\/p>\n<\/div>\n<div>\n<h4>Kausikortit 2025 &#8211; 2026<\/h4>\n<p><strong>Katsomo I ja III<br \/><\/strong>Kauden kaikki kotipelit pl. mitallipelit 230\u20ac.<\/p>\n<p><strong>Katsomo II, nimikoitu paikka (16 kpl)<br \/><\/strong>Kauden kaikki kotipelit 370\u20ac.<\/p>\n<p><strong>Katsomo I ja III nimikoitu paikka<br \/><\/strong>Kauden kaikki kotipelit pl. mitallipelit 250\u20ac.<\/p>\n<h4>Lis\u00e4tiedot<\/h4>\n<p>Tarmo Ronkainen<br \/>p. 040 5403950<\/p>\n<\/div>\n<hr>\n<div>\n<p><strong>Kaikki ottelut n\u00e4kyv\u00e4t Ruudussa<\/strong><\/p>\n<\/div>\n<p><a href=\"https:\/\/www.ruutu.fi\/ohjelmat\/lentopallon-mestaruusliiga\"><img decoding=\"async\" src=\"\/lentopallo\/wp-content\/uploads\/2022\/03\/ruutu.png\" alt=\"Ruutu\"><\/a><\/p>\n<p><p>\n        <a href=\"https:\/\/lml-web.dataproject.com\/CompetitionHome.aspx?ID=85\">Play Offs livescore<\/a>\n    <\/p>\n<\/p>\n<p><!--more--><br \/>\n<!-- {\"type\":\"layout\",\"children\":[{\"name\":\"P\\u00f6lkky Kuusamon otteluohjelma\",\"type\":\"section\",\"props\":{\"image_position\":\"center-center\",\"style\":\"muted\",\"title_breakpoint\":\"xl\",\"title_position\":\"top-left\",\"title_rotation\":\"left\",\"vertical_align\":\"\",\"width\":\"default\"},\"children\":[{\"type\":\"row\",\"children\":[{\"type\":\"column\",\"props\":{\"image_position\":\"center-center\",\"position_sticky_breakpoint\":\"m\",\"width_medium\":\"1-1\"},\"children\":[{\"type\":\"headline\",\"props\":{\"content\":\"P\\u00f6lkky Kuusamon ottelu&#173;ohjelma\",\"title_decoration\":\"divider\",\"title_element\":\"h1\",\"title_style\":\"heading-small\"}}]}]},{\"type\":\"row\",\"props\":{\"layout\":\"2-3,1-3\"},\"children\":[{\"type\":\"column\",\"props\":{\"image_position\":\"center-center\",\"position_sticky_breakpoint\":\"m\",\"width_medium\":\"2-3\"},\"children\":[{\"type\":\"headline\",\"props\":{\"content\":\"Naisten lentopallon Mestaruusliigan runkosarja, kotipelit\",\"margin_remove_top\":true,\"title_element\":\"h1\",\"title_style\":\"h4\"}},{\"name\":\"Ottelut\",\"type\":\"table\",\"props\":{\"image_svg_color\":\"emphasis\",\"link_style\":\"default\",\"link_text\":\"Read more\",\"meta_style\":\"\",\"show_content\":true,\"show_image\":true,\"show_link\":true,\"show_meta\":true,\"show_title\":true,\"table_head_meta\":\"Ottelu\",\"table_head_title\":\"P\\u00e4iv\\u00e4 ja aika\",\"table_hover\":true,\"table_order\":\"5\",\"table_responsive\":\"responsive\",\"table_size\":\"small\",\"table_style\":\"divider\",\"table_width_content\":\"shrink\",\"table_width_meta\":\"shrink\",\"table_width_title\":\"shrink\",\"title_style\":\"h5\"},\"children\":[{\"type\":\"table_item\",\"props\":{\"content\":\"\",\"meta\":\"P\\u00f6lkky - LiigaPloki\",\"title\":\"La 27.09.2025 Klo 17:00\"}},{\"type\":\"table_item\",\"props\":{\"meta\":\"P\\u00f6lkky - LP Viesti\",\"title\":\"Su 19.10.2025 Klo 17:00\"}},{\"type\":\"table_item\",\"props\":{\"meta\":\"P\\u00f6lkky - LP Kangasala\",\"title\":\"La 15.11.2025 Klo 17:00\"}},{\"type\":\"table_item\",\"props\":{\"meta\":\"P\\u00f6lkky - Arctic Wolley\",\"title\":\"Ma 01.12.2025 Klo 18:30\"}},{\"type\":\"table_item\",\"props\":{\"meta\":\"P\\u00f6lkky - OrPo\",\"title\":\"Ti 09.12.2025 Klo 18:30\"}},{\"type\":\"table_item\",\"props\":{\"meta\":\"P\\u00f6lkky - Puijo Wolley\",\"title\":\"La 13.12.2025 Klo 16:00 (Suomussalmi)\"}},{\"type\":\"table_item\",\"props\":{\"meta\":\"P\\u00f6lkky - LP-Vampula\",\"title\":\"La 17.01.2026 Klo 17:00 (Raahe)\"}},{\"type\":\"table_item\",\"props\":{\"meta\":\"P\\u00f6lkky - JymyVolley\",\"title\":\"Ti 20.01.2026 Klo 18:30\"}},{\"type\":\"table_item\",\"props\":{\"meta\":\"P\\u00f6lkky - LiigaPloki\",\"title\":\"Ke 04.02.2026 Klo 18:30\"}},{\"type\":\"table_item\",\"props\":{\"meta\":\"P\\u00f6lkky - LP Viesti\",\"title\":\"Ti 10.02.2026 Klo 18:30\"}},{\"type\":\"table_item\",\"props\":{\"meta\":\"P\\u00f6lkky - LP Kangasala\",\"title\":\"La 28.02.2026 Klo 17:00\"}},{\"type\":\"table_item\",\"props\":{\"meta\":\"P\\u00f6lkky - LP-Vampula\",\"title\":\"Su 01.03.2026 Klo 17:00\"}}]}]},{\"type\":\"column\",\"props\":{\"image_position\":\"center-center\",\"position_sticky_breakpoint\":\"m\",\"width_medium\":\"1-3\"},\"children\":[{\"type\":\"text\",\"props\":{\"column_breakpoint\":\"m\",\"content\":\"\n\n<h4>P\\u00e4\\u00e4syliput<\\\/h4>\\n\n\n<p>Harjoitusottelut\\u00a0 10\\u20ac<\\\/p>\\n\n\n<p><strong>Runkosarja<\\\/strong><\\\/p>\\n\n\n<p>Aikuiset 18\\u20ac<\\\/p>\\n\n\n<p>El\\u00e4kel\\u00e4iset 16\\u20ac<br \\\/>Opiskelijat 16\\u20ac<br \\\/>Alle 15 vuotiaat ilmaiseksi aikuisen mukana.<\\\/p>\\n\n\n<p><\\\/p>\",\"margin\":\"default\"}},{\"type\":\"text\",\"props\":{\"column_breakpoint\":\"m\",\"content\":\"\n\n<h4>Kausikortit 2025 - 2026<\\\/h4>\\n\n\n<p><strong>Katsomo I ja III<br \\\/><\\\/strong>Kauden kaikki kotipelit pl. mitallipelit 230\\u20ac.<\\\/p>\\n\n\n<p><strong>Katsomo II, nimikoitu paikka (16 kpl)<br \\\/><\\\/strong>Kauden kaikki kotipelit 370\\u20ac.<\\\/p>\\n\n\n<p><strong>Katsomo I ja III nimikoitu paikka<br \\\/><\\\/strong>Kauden kaikki kotipelit pl. mitallipelit 250\\u20ac.<\\\/p>\\n\n\n<h4>Lis\\u00e4tiedot<\\\/h4>\\n\n\n<p>Tarmo Ronkainen<br \\\/>p. 040 5403950<\\\/p>\",\"margin\":\"default\"}},{\"type\":\"divider\",\"props\":{\"divider_element\":\"hr\"}},{\"type\":\"text\",\"props\":{\"column_breakpoint\":\"m\",\"content\":\"\n\n<p><strong>Kaikki ottelut n\\u00e4kyv\\u00e4t Ruudussa<\\\/strong><\\\/p>\",\"margin\":\"default\"}},{\"type\":\"image\",\"props\":{\"image\":\"wp-content\\\/uploads\\\/2022\\\/03\\\/ruutu.png\",\"image_alt\":\"Ruutu\",\"image_svg_color\":\"emphasis\",\"image_width\":\"150\",\"link\":\"https:\\\/\\\/www.ruutu.fi\\\/ohjelmat\\\/lentopallon-mestaruusliiga\",\"link_target\":\"blank\",\"margin\":\"default\"}},{\"type\":\"button\",\"props\":{\"grid_column_gap\":\"small\",\"grid_row_gap\":\"small\",\"margin\":\"default\"},\"children\":[{\"type\":\"button_item\",\"props\":{\"button_style\":\"secondary\",\"content\":\"Play Offs livescore\",\"dialog_layout\":\"modal\",\"dialog_offcanvas_flip\":true,\"icon\":\"star\",\"icon_align\":\"left\",\"link\":\"https:\\\/\\\/lml-web.dataproject.com\\\/CompetitionHome.aspx?ID=85\",\"link_target\":\"blank\"}}]}]}]}]}],\"version\":\"4.5.32\",\"yooessentialsVersion\":\"2.2.25\"} --><\/p>\n","protected":false},"excerpt":{"rendered":"<p>P\u00f6lkky Kuusamon ottelu&#173;ohjelma Naisten lentopallon Mestaruusliigan runkosarja, kotipelit P\u00e4iv\u00e4 ja aika Ottelu La 27.09.2025 Klo 17:00 P\u00f6lkky &#8211; LiigaPloki Su 19.10.2025 Klo 17:00 P\u00f6lkky &#8211; LP Viesti La 15.11.2025 Klo 17:00 P\u00f6lkky &#8211; LP Kangasala Ma 01.12.2025 Klo 18:30 P\u00f6lkky &#8211; Arctic Wolley Ti 09.12.2025 Klo 18:30 P\u00f6lkky &#8211; OrPo La 13.12.2025 Klo 16:00 (Suomussalmi) [&hellip;]<\/p>\n","protected":false},"author":1,"featured_media":1072,"parent":0,"menu_order":0,"comment_status":"closed","ping_status":"open","template":"","meta":{"footnotes":""},"class_list":["post-175","page","type-page","status-publish","has-post-thumbnail","hentry"],"yoast_head":"<!-- This site is optimized with the Yoast SEO plugin v27.1.1 - https:\/\/yoast.com\/product\/yoast-seo-wordpress\/ -->\n<title>Otteluohjelma 2025 - 2026, kotiottelut - Pallokarhut, lentopallo<\/title>\n<meta name=\"description\" content=\"P\u00f6lkky Kuusamon naisten mestaruusliigan seuraava kotiottelu\" \/>\n<meta name=\"robots\" content=\"index, follow, max-snippet:-1, max-image-preview:large, max-video-preview:-1\" \/>\n<link rel=\"canonical\" href=\"https:\/\/www.pallokarhut.fi\/lentopallo\/otteluohjelma\/\" \/>\n<meta property=\"og:locale\" content=\"fi_FI\" \/>\n<meta property=\"og:type\" content=\"article\" \/>\n<meta property=\"og:title\" content=\"Otteluohjelma 2025 - 2026, kotiottelut - Pallokarhut, lentopallo\" \/>\n<meta property=\"og:description\" content=\"P\u00f6lkky Kuusamon naisten mestaruusliigan seuraava kotiottelu\" \/>\n<meta property=\"og:url\" content=\"https:\/\/www.pallokarhut.fi\/lentopallo\/otteluohjelma\/\" \/>\n<meta property=\"og:site_name\" content=\"Pallokarhut, lentopallo\" \/>\n<meta property=\"article:modified_time\" content=\"2025-11-19T13:00:43+00:00\" \/>\n<meta property=\"og:image\" content=\"https:\/\/www.pallokarhut.fi\/lentopallo\/wp-content\/uploads\/2022\/03\/paka-lentopallopeli.jpg\" \/>\n\t<meta property=\"og:image:width\" content=\"1920\" \/>\n\t<meta property=\"og:image:height\" content=\"1080\" \/>\n\t<meta property=\"og:image:type\" content=\"image\/jpeg\" \/>\n<meta name=\"twitter:card\" content=\"summary_large_image\" \/>\n<meta name=\"twitter:label1\" content=\"Arvioitu lukuaika\" \/>\n\t<meta name=\"twitter:data1\" content=\"2 minuuttia\" \/>\n<script type=\"application\/ld+json\" class=\"yoast-schema-graph\">{\"@context\":\"https:\/\/schema.org\",\"@graph\":[{\"@type\":\"WebPage\",\"@id\":\"https:\/\/www.pallokarhut.fi\/lentopallo\/otteluohjelma\/\",\"url\":\"https:\/\/www.pallokarhut.fi\/lentopallo\/otteluohjelma\/\",\"name\":\"Otteluohjelma 2025 - 2026, kotiottelut - Pallokarhut, lentopallo\",\"isPartOf\":{\"@id\":\"https:\/\/www.pallokarhut.fi\/lentopallo\/#website\"},\"primaryImageOfPage\":{\"@id\":\"https:\/\/www.pallokarhut.fi\/lentopallo\/otteluohjelma\/#primaryimage\"},\"image\":{\"@id\":\"https:\/\/www.pallokarhut.fi\/lentopallo\/otteluohjelma\/#primaryimage\"},\"thumbnailUrl\":\"https:\/\/www.pallokarhut.fi\/lentopallo\/wp-content\/uploads\/2022\/03\/paka-lentopallopeli.jpg\",\"datePublished\":\"2014-06-11T06:06:47+00:00\",\"dateModified\":\"2025-11-19T13:00:43+00:00\",\"description\":\"P\u00f6lkky Kuusamon naisten mestaruusliigan seuraava kotiottelu\",\"breadcrumb\":{\"@id\":\"https:\/\/www.pallokarhut.fi\/lentopallo\/otteluohjelma\/#breadcrumb\"},\"inLanguage\":\"fi\",\"potentialAction\":[{\"@type\":\"ReadAction\",\"target\":[\"https:\/\/www.pallokarhut.fi\/lentopallo\/otteluohjelma\/\"]}]},{\"@type\":\"ImageObject\",\"inLanguage\":\"fi\",\"@id\":\"https:\/\/www.pallokarhut.fi\/lentopallo\/otteluohjelma\/#primaryimage\",\"url\":\"https:\/\/www.pallokarhut.fi\/lentopallo\/wp-content\/uploads\/2022\/03\/paka-lentopallopeli.jpg\",\"contentUrl\":\"https:\/\/www.pallokarhut.fi\/lentopallo\/wp-content\/uploads\/2022\/03\/paka-lentopallopeli.jpg\",\"width\":1920,\"height\":1080},{\"@type\":\"BreadcrumbList\",\"@id\":\"https:\/\/www.pallokarhut.fi\/lentopallo\/otteluohjelma\/#breadcrumb\",\"itemListElement\":[{\"@type\":\"ListItem\",\"position\":1,\"name\":\"Etusivu\",\"item\":\"https:\/\/www.pallokarhut.fi\/lentopallo\/\"},{\"@type\":\"ListItem\",\"position\":2,\"name\":\"Otteluohjelma 2025 &#8211; 2026, kotiottelut\"}]},{\"@type\":\"WebSite\",\"@id\":\"https:\/\/www.pallokarhut.fi\/lentopallo\/#website\",\"url\":\"https:\/\/www.pallokarhut.fi\/lentopallo\/\",\"name\":\"Pallokarhut, lentopallo\",\"description\":\"Lentopalloa Kuusamossa\",\"potentialAction\":[{\"@type\":\"SearchAction\",\"target\":{\"@type\":\"EntryPoint\",\"urlTemplate\":\"https:\/\/www.pallokarhut.fi\/lentopallo\/?s={search_term_string}\"},\"query-input\":{\"@type\":\"PropertyValueSpecification\",\"valueRequired\":true,\"valueName\":\"search_term_string\"}}],\"inLanguage\":\"fi\"}]}<\/script>\n<!-- \/ Yoast SEO plugin. -->","yoast_head_json":{"title":"Otteluohjelma 2025 - 2026, kotiottelut - Pallokarhut, lentopallo","description":"P\u00f6lkky Kuusamon naisten mestaruusliigan seuraava kotiottelu","robots":{"index":"index","follow":"follow","max-snippet":"max-snippet:-1","max-image-preview":"max-image-preview:large","max-video-preview":"max-video-preview:-1"},"canonical":"https:\/\/www.pallokarhut.fi\/lentopallo\/otteluohjelma\/","og_locale":"fi_FI","og_type":"article","og_title":"Otteluohjelma 2025 - 2026, kotiottelut - Pallokarhut, lentopallo","og_description":"P\u00f6lkky Kuusamon naisten mestaruusliigan seuraava kotiottelu","og_url":"https:\/\/www.pallokarhut.fi\/lentopallo\/otteluohjelma\/","og_site_name":"Pallokarhut, lentopallo","article_modified_time":"2025-11-19T13:00:43+00:00","og_image":[{"width":1920,"height":1080,"url":"https:\/\/www.pallokarhut.fi\/lentopallo\/wp-content\/uploads\/2022\/03\/paka-lentopallopeli.jpg","type":"image\/jpeg"}],"twitter_card":"summary_large_image","twitter_misc":{"Arvioitu lukuaika":"2 minuuttia"},"schema":{"@context":"https:\/\/schema.org","@graph":[{"@type":"WebPage","@id":"https:\/\/www.pallokarhut.fi\/lentopallo\/otteluohjelma\/","url":"https:\/\/www.pallokarhut.fi\/lentopallo\/otteluohjelma\/","name":"Otteluohjelma 2025 - 2026, kotiottelut - Pallokarhut, lentopallo","isPartOf":{"@id":"https:\/\/www.pallokarhut.fi\/lentopallo\/#website"},"primaryImageOfPage":{"@id":"https:\/\/www.pallokarhut.fi\/lentopallo\/otteluohjelma\/#primaryimage"},"image":{"@id":"https:\/\/www.pallokarhut.fi\/lentopallo\/otteluohjelma\/#primaryimage"},"thumbnailUrl":"https:\/\/www.pallokarhut.fi\/lentopallo\/wp-content\/uploads\/2022\/03\/paka-lentopallopeli.jpg","datePublished":"2014-06-11T06:06:47+00:00","dateModified":"2025-11-19T13:00:43+00:00","description":"P\u00f6lkky Kuusamon naisten mestaruusliigan seuraava kotiottelu","breadcrumb":{"@id":"https:\/\/www.pallokarhut.fi\/lentopallo\/otteluohjelma\/#breadcrumb"},"inLanguage":"fi","potentialAction":[{"@type":"ReadAction","target":["https:\/\/www.pallokarhut.fi\/lentopallo\/otteluohjelma\/"]}]},{"@type":"ImageObject","inLanguage":"fi","@id":"https:\/\/www.pallokarhut.fi\/lentopallo\/otteluohjelma\/#primaryimage","url":"https:\/\/www.pallokarhut.fi\/lentopallo\/wp-content\/uploads\/2022\/03\/paka-lentopallopeli.jpg","contentUrl":"https:\/\/www.pallokarhut.fi\/lentopallo\/wp-content\/uploads\/2022\/03\/paka-lentopallopeli.jpg","width":1920,"height":1080},{"@type":"BreadcrumbList","@id":"https:\/\/www.pallokarhut.fi\/lentopallo\/otteluohjelma\/#breadcrumb","itemListElement":[{"@type":"ListItem","position":1,"name":"Etusivu","item":"https:\/\/www.pallokarhut.fi\/lentopallo\/"},{"@type":"ListItem","position":2,"name":"Otteluohjelma 2025 &#8211; 2026, kotiottelut"}]},{"@type":"WebSite","@id":"https:\/\/www.pallokarhut.fi\/lentopallo\/#website","url":"https:\/\/www.pallokarhut.fi\/lentopallo\/","name":"Pallokarhut, lentopallo","description":"Lentopalloa Kuusamossa","potentialAction":[{"@type":"SearchAction","target":{"@type":"EntryPoint","urlTemplate":"https:\/\/www.pallokarhut.fi\/lentopallo\/?s={search_term_string}"},"query-input":{"@type":"PropertyValueSpecification","valueRequired":true,"valueName":"search_term_string"}}],"inLanguage":"fi"}]}},"_links":{"self":[{"href":"https:\/\/www.pallokarhut.fi\/lentopallo\/wp-json\/wp\/v2\/pages\/175","targetHints":{"allow":["GET"]}}],"collection":[{"href":"https:\/\/www.pallokarhut.fi\/lentopallo\/wp-json\/wp\/v2\/pages"}],"about":[{"href":"https:\/\/www.pallokarhut.fi\/lentopallo\/wp-json\/wp\/v2\/types\/page"}],"author":[{"embeddable":true,"href":"https:\/\/www.pallokarhut.fi\/lentopallo\/wp-json\/wp\/v2\/users\/1"}],"replies":[{"embeddable":true,"href":"https:\/\/www.pallokarhut.fi\/lentopallo\/wp-json\/wp\/v2\/comments?post=175"}],"version-history":[{"count":125,"href":"https:\/\/www.pallokarhut.fi\/lentopallo\/wp-json\/wp\/v2\/pages\/175\/revisions"}],"predecessor-version":[{"id":4273,"href":"https:\/\/www.pallokarhut.fi\/lentopallo\/wp-json\/wp\/v2\/pages\/175\/revisions\/4273"}],"wp:featuredmedia":[{"embeddable":true,"href":"https:\/\/www.pallokarhut.fi\/lentopallo\/wp-json\/wp\/v2\/media\/1072"}],"wp:attachment":[{"href":"https:\/\/www.pallokarhut.fi\/lentopallo\/wp-json\/wp\/v2\/media?parent=175"}],"curies":[{"name":"wp","href":"https:\/\/api.w.org\/{rel}","templated":true}]}}