{"id":16,"date":"2011-08-05T13:51:21","date_gmt":"2011-08-05T10:51:21","guid":{"rendered":"http:\/\/www.pallokarhut.fi\/lentopallo\/?p=16"},"modified":"2025-01-31T11:52:49","modified_gmt":"2025-01-31T09:52:49","slug":"lentopallojuniorit","status":"publish","type":"page","link":"https:\/\/www.pallokarhut.fi\/lentopallo\/lentopallojuniorit\/","title":{"rendered":"Lentopallojuniorit"},"content":{"rendered":"<ul>\n<li>\n<p>        <img decoding=\"async\" src=\"\/lentopallo\/wp-content\/uploads\/2022\/09\/PaKa_Tiikerit_2022_www.jpg\" alt=\"Tiikerit\"><\/p>\n<h3>Tiikerit<\/h3>\n<p><a href=\"\/lentopallo\/lentopallojuniorit\/tiikerit\/\"><\/a><\/p>\n<\/li>\n<li>\n<p>        <img decoding=\"async\" src=\"\/lentopallo\/wp-content\/uploads\/2022\/09\/PaKa_F_juniorit_2022_www.jpg\" alt=\"\"><\/p>\n<h3>F-junnut<\/h3>\n<p><a href=\"\/lentopallo\/lentopallojuniorit\/f-juniorit\/\"><\/a><\/p>\n<\/li>\n<li>\n<p>        <img decoding=\"async\" src=\"\/lentopallo\/wp-content\/uploads\/2022\/09\/PaKa_E_juniorit_2022_www.jpg\" alt=\"\"><\/p>\n<h3>E-junnut<\/h3>\n<p><a href=\"\/lentopallo\/lentopallojuniorit\/e-juniorit\/\"><\/a><\/p>\n<\/li>\n<li>\n<p>        <img decoding=\"async\" src=\"\/lentopallo\/wp-content\/uploads\/2022\/09\/PaKa_D_juniorit_2022_www.jpg\" alt=\"\"><\/p>\n<h3>D-junnut<\/h3>\n<p><a href=\"\/lentopallo\/lentopallojuniorit\/d-juniorit-nuoremmat\/\"><\/a><\/p>\n<\/li>\n<li>\n<p>        <img decoding=\"async\" src=\"\/lentopallo\/wp-content\/uploads\/2022\/09\/PaKa_C_juniorit_2022_www.jpg\" alt=\"\"><\/p>\n<h3>C-junnut<\/h3>\n<p><a href=\"\/lentopallo\/lentopallojuniorit\/d-juniorit-vanhemmat\/\"><\/a><\/p>\n<\/li>\n<li>\n<p>        <img decoding=\"async\" src=\"\/lentopallo\/wp-content\/uploads\/2022\/09\/PaKa_B_juniorit_2022_www.jpg\" alt=\"\"><\/p>\n<h3>B-junnut<\/h3>\n<p><a href=\"\/lentopallo\/lentopallojuniorit\/b-juniorit\/\"><\/a><\/p>\n<\/li>\n<\/ul>\n<h1>Juniorit<\/h1>\n<div>\n<p>Kuusamon Pallo-Karhujen lentopallotoiminnassa on mukana l\u00e4hes 80 junioria. Lis\u00e4\u00e4 uusia palloilijoita mahtuu joukkueisiin. Toimintaa on pojille ja tyt\u00f6ille alle kouluik\u00e4isist\u00e4 (tiikerikerho) aina lukiolaisiin asti (A-tyt\u00f6t).<\/p>\n<\/div>\n<div>\n<h3>Miksi lentopallo voisi olla harrastuksesi?<\/h3>\n<p>Lentopallon harrastaminen sopii kaikenkokoisille ja -ik\u00e4isille liikkujille. Laji kehitt\u00e4\u00e4 harrastajiaan monipuolisesti (liikkumisvalmius, pallon arviontikyky, nopeus, kest\u00e4vyys&#8230;). Lentopallo on puhtaimmillaan joukkuelaji. Jokaisen pelaajan tekeminen ja onnistuminen tuovat riemukkaita tunteita koko joukkueelle. Viimeist\u00e4\u00e4n E-juniorit (3.-4.lk) p\u00e4\u00e4sev\u00e4t osallistumaan Pohjois-Suomen alueella pelattaviin turnauksiin. Pelimatkakokemukset \u201dkruunaa\u201d kes\u00e4kuussa pelattava Power Cup.\u00a0<\/p>\n<p>Lentopallojuniorit seuraavat ilmaiseksi edustusjoukkueemme kotipelej\u00e4 liikuntahallilla. Joko sin\u00e4 tunnet kaikki PaKan naispelaajat?<\/p>\n<p>Tervetuloa mukaan lentopalloilun riemukkaaseen maailmaan!<\/p>\n<p><a href=\"https:\/\/www.pallokarhut.fi\/lentopallo\/yhteystiedot\/\">Kysy lis\u00e4\u00e4 valmentajilta<\/a><\/p>\n<\/div>\n<ul>\n<li>\n<p>\n        <a href=\"\/lentopallo\/lentopallojuniorit\/tiikerit\/\">Tiikerit<\/a>\n    <\/p>\n<\/li>\n<li>\n<p>\n        <a href=\"\/lentopallo\/lentopallojuniorit\/b-juniorit\/\">B-junnut<\/a>\n    <\/p>\n<\/li>\n<li>\n<p>\n        <a href=\"\/lentopallo\/lentopallojuniorit\/c-junorit\/\">C-junnut<\/a>\n    <\/p>\n<\/li>\n<li>\n<p>\n        <a href=\"\/lentopallo\/lentopallojuniorit\/d-juniorit\/\">D-junnut<\/a>\n    <\/p>\n<\/li>\n<li>\n<p>\n        <a href=\"\/lentopallo\/lentopallojuniorit\/e-juniorit\/\">E-junnut <\/a>\n    <\/p>\n<\/li>\n<li>\n<p>\n        <a href=\"\/lentopallo\/lentopallojuniorit\/f-juniorit\/\">F-junnut <\/a>\n    <\/p>\n<\/li>\n<\/ul>\n<h4>Uutiset<\/h4>\n<div>\n<\/div>\n<p><!--more--><br \/>\n<!-- {\"type\":\"layout\",\"children\":[{\"type\":\"section\",\"props\":{\"animation\":\"slide-left\",\"animation_delay\":\"200\",\"image_position\":\"center-center\",\"padding\":\"none\",\"style\":\"default\",\"title_breakpoint\":\"xl\",\"title_position\":\"top-left\",\"title_rotation\":\"left\",\"vertical_align\":\"\",\"width\":\"\"},\"children\":[{\"type\":\"row\",\"props\":{\"column_gap\":\"collapse\",\"layout\":\"2-3,1-3\",\"row_gap\":\"collapse\"},\"children\":[{\"type\":\"column\",\"props\":{\"image_position\":\"center-center\",\"padding\":\"none\",\"position_sticky_breakpoint\":\"m\",\"style\":\"tile-default\",\"vertical_align\":\"middle\",\"width_medium\":\"2-3\"},\"children\":[{\"type\":\"gallery\",\"props\":{\"filter_align\":\"left\",\"filter_all\":true,\"filter_grid_breakpoint\":\"m\",\"filter_grid_width\":\"auto\",\"filter_position\":\"top\",\"filter_style\":\"tab\",\"grid_column_gap\":\"small\",\"grid_default\":\"1\",\"grid_medium\":\"3\",\"grid_row_gap\":\"small\",\"grid_small\":\"2\",\"item_animation\":true,\"lightbox\":false,\"lightbox_bg_close\":true,\"link_style\":\"default\",\"link_text\":\"\",\"margin\":\"default\",\"meta_align\":\"below-title\",\"meta_element\":\"div\",\"meta_style\":\"text-meta\",\"overlay_hover\":true,\"overlay_link\":true,\"overlay_mode\":\"cover\",\"overlay_position\":\"center\",\"overlay_style\":\"overlay-primary\",\"overlay_transition\":\"fade\",\"parallax_easing\":\"1\",\"show_content\":true,\"show_hover_image\":true,\"show_hover_video\":true,\"show_link\":true,\"show_meta\":true,\"show_title\":true,\"text_align\":\"center\",\"text_color\":\"light\",\"title_element\":\"h3\",\"title_hover_style\":\"reset\"},\"children\":[{\"type\":\"gallery_item\",\"props\":{\"image\":\"wp-content\\\/uploads\\\/2022\\\/09\\\/PaKa_Tiikerit_2022_www.jpg\",\"image_alt\":\"Tiikerit\",\"link\":\"lentopallojuniorit\\\/tiikerit\\\/\",\"title\":\"Tiikerit\"}},{\"type\":\"gallery_item\",\"props\":{\"image\":\"wp-content\\\/uploads\\\/2022\\\/09\\\/PaKa_F_juniorit_2022_www.jpg\",\"link\":\"lentopallojuniorit\\\/f-juniorit\\\/\",\"title\":\"F-junnut\"}},{\"type\":\"gallery_item\",\"props\":{\"image\":\"wp-content\\\/uploads\\\/2022\\\/09\\\/PaKa_E_juniorit_2022_www.jpg\",\"link\":\"lentopallojuniorit\\\/e-juniorit\\\/\",\"title\":\"E-junnut\"}},{\"type\":\"gallery_item\",\"props\":{\"image\":\"wp-content\\\/uploads\\\/2022\\\/09\\\/PaKa_D_juniorit_2022_www.jpg\",\"link\":\"lentopallojuniorit\\\/d-juniorit-nuoremmat\\\/\",\"title\":\"D-junnut\"}},{\"type\":\"gallery_item\",\"props\":{\"image\":\"wp-content\\\/uploads\\\/2022\\\/09\\\/PaKa_C_juniorit_2022_www.jpg\",\"link\":\"lentopallojuniorit\\\/d-juniorit-vanhemmat\\\/\",\"title\":\"C-junnut\"}},{\"type\":\"gallery_item\",\"props\":{\"image\":\"wp-content\\\/uploads\\\/2022\\\/09\\\/PaKa_B_juniorit_2022_www.jpg\",\"link\":\"lentopallojuniorit\\\/b-juniorit\\\/\",\"title\":\"B-junnut\"}}]}]},{\"type\":\"column\",\"props\":{\"image\":\"wp-content\\\/uploads\\\/2022\\\/03\\\/sininentausta.jpg\",\"image_position\":\"center-center\",\"image_size\":\"cover\",\"padding\":\"xsmall\",\"position_sticky_breakpoint\":\"m\",\"style\":\"tile-secondary\",\"vertical_align\":\"middle\",\"width_medium\":\"1-3\"},\"children\":[{\"type\":\"headline\",\"props\":{\"content\":\"Juniorit\",\"text_align_breakpoint\":\"m\",\"text_align_fallback\":\"center\",\"title_element\":\"h1\",\"title_style\":\"heading-small\"}},{\"type\":\"text\",\"props\":{\"column_breakpoint\":\"m\",\"content\":\"\n\n<p>Kuusamon Pallo-Karhujen lentopallotoiminnassa on mukana l\\u00e4hes 80 junioria. Lis\\u00e4\\u00e4 uusia palloilijoita mahtuu joukkueisiin. Toimintaa on pojille ja tyt\\u00f6ille alle kouluik\\u00e4isist\\u00e4 (tiikerikerho) aina lukiolaisiin asti (A-tyt\\u00f6t).<\\\/p>\",\"margin\":\"default\"}}]}]}],\"name\":\"yl\\u00e4osa joukkuesivusta\"},{\"name\":\"sarjan esittely\",\"type\":\"section\",\"props\":{\"image_position\":\"center-center\",\"style\":\"default\",\"title_breakpoint\":\"xl\",\"title_position\":\"top-left\",\"title_rotation\":\"left\",\"vertical_align\":\"\",\"width\":\"default\"},\"children\":[{\"type\":\"row\",\"props\":{\"width\":\"small\"},\"children\":[{\"type\":\"column\",\"props\":{\"image_position\":\"center-center\",\"position_sticky_breakpoint\":\"m\",\"width_medium\":\"1-1\"},\"children\":[{\"type\":\"text\",\"props\":{\"column_breakpoint\":\"m\",\"content\":\"\n\n<h3>Miksi lentopallo voisi olla harrastuksesi?<\\\/h3>\\n\n\n<p>Lentopallon harrastaminen sopii kaikenkokoisille ja -ik\\u00e4isille liikkujille. Laji kehitt\\u00e4\\u00e4 harrastajiaan monipuolisesti (liikkumisvalmius, pallon arviontikyky, nopeus, kest\\u00e4vyys...). Lentopallo on puhtaimmillaan joukkuelaji. Jokaisen pelaajan tekeminen ja onnistuminen tuovat riemukkaita tunteita koko joukkueelle. Viimeist\\u00e4\\u00e4n E-juniorit (3.-4.lk) p\\u00e4\\u00e4sev\\u00e4t osallistumaan Pohjois-Suomen alueella pelattaviin turnauksiin. Pelimatkakokemukset \\u201dkruunaa\\u201d kes\\u00e4kuussa pelattava Power Cup.\\u00a0<\\\/p>\\n\n\n<p>Lentopallojuniorit seuraavat ilmaiseksi edustusjoukkueemme kotipelej\\u00e4 liikuntahallilla. Joko sin\\u00e4 tunnet kaikki PaKan naispelaajat?<\\\/p>\\n\n\n<p>Tervetuloa mukaan lentopalloilun riemukkaaseen maailmaan!<\\\/p>\\n\n\n<p><a href=\\\"https:\\\/\\\/www.pallokarhut.fi\\\/lentopallo\\\/yhteystiedot\\\/\\\">Kysy lis\\u00e4\\u00e4 valmentajilta<\\\/a><\\\/p>\",\"margin\":\"default\"}},{\"type\":\"button\",\"props\":{\"block_align\":\"center\",\"grid_column_gap\":\"small\",\"grid_row_gap\":\"small\",\"margin\":\"large\",\"maxwidth\":\"2xlarge\",\"text_align\":\"center\"},\"children\":[{\"type\":\"button_item\",\"props\":{\"button_style\":\"primary\",\"content\":\"Tiikerit\",\"dialog_layout\":\"modal\",\"dialog_offcanvas_flip\":true,\"icon_align\":\"left\",\"link\":\"lentopallojuniorit\\\/tiikerit\\\/\"}},{\"type\":\"button_item\",\"props\":{\"button_style\":\"primary\",\"content\":\"B-junnut\",\"dialog_layout\":\"modal\",\"dialog_offcanvas_flip\":true,\"icon_align\":\"left\",\"link\":\"lentopallojuniorit\\\/b-juniorit\\\/\"}},{\"type\":\"button_item\",\"props\":{\"button_style\":\"primary\",\"content\":\"C-junnut\",\"dialog_layout\":\"modal\",\"dialog_offcanvas_flip\":true,\"icon_align\":\"left\",\"link\":\"lentopallojuniorit\\\/c-junorit\\\/\"}},{\"type\":\"button_item\",\"props\":{\"button_style\":\"primary\",\"content\":\"D-junnut\",\"dialog_layout\":\"modal\",\"dialog_offcanvas_flip\":true,\"icon_align\":\"left\",\"link\":\"lentopallojuniorit\\\/d-juniorit\\\/\"}},{\"type\":\"button_item\",\"props\":{\"button_style\":\"primary\",\"content\":\"E-junnut \",\"dialog_layout\":\"modal\",\"dialog_offcanvas_flip\":true,\"icon_align\":\"left\",\"link\":\"lentopallojuniorit\\\/e-juniorit\\\/\"}},{\"type\":\"button_item\",\"props\":{\"button_style\":\"primary\",\"content\":\"F-junnut \",\"dialog_layout\":\"modal\",\"dialog_offcanvas_flip\":true,\"icon_align\":\"left\",\"link\":\"lentopallojuniorit\\\/f-juniorit\\\/\"}}]}]}]}]},{\"type\":\"section\",\"props\":{\"image_position\":\"center-center\",\"style\":\"muted\",\"title_breakpoint\":\"xl\",\"title_position\":\"top-left\",\"title_rotation\":\"left\",\"vertical_align\":\"\",\"width\":\"default\"},\"children\":[{\"type\":\"row\",\"props\":{\"divider\":true,\"layout\":\"1-2,1-2\"},\"children\":[{\"type\":\"column\",\"props\":{\"image_position\":\"center-center\",\"position_sticky_breakpoint\":\"m\",\"width_medium\":\"1-2\"},\"children\":[{\"type\":\"text\",\"props\":{\"column_breakpoint\":\"m\",\"margin\":\"default\"},\"source\":{\"query\":{\"name\":\"pages.customPage\",\"arguments\":{\"users\":[],\"users_operator\":\"IN\",\"offset\":0,\"order\":\"date\",\"order_direction\":\"DESC\",\"id\":1242}},\"props\":{\"content\":{\"filters\":{\"search\":\"\"},\"arguments\":{\"show_intro_text\":true},\"name\":\"content\"}}}}]},{\"type\":\"column\",\"props\":{\"image_position\":\"center-center\",\"position_sticky_breakpoint\":\"m\",\"width_medium\":\"1-2\"},\"children\":[{\"type\":\"headline\",\"props\":{\"content\":\"Uutiset\",\"title_element\":\"h4\",\"title_style\":\"h1\"}},{\"type\":\"grid\",\"props\":{\"content_column_breakpoint\":\"m\",\"content_margin\":\"remove\",\"filter_align\":\"left\",\"filter_all\":true,\"filter_grid_breakpoint\":\"m\",\"filter_grid_width\":\"auto\",\"filter_position\":\"top\",\"filter_style\":\"tab\",\"grid_default\":\"1\",\"grid_medium\":\"\",\"icon_width\":80,\"image_align\":\"top\",\"image_grid_breakpoint\":\"m\",\"image_grid_width\":\"1-2\",\"image_svg_color\":\"emphasis\",\"item_animation\":true,\"lightbox_bg_close\":true,\"link_margin\":\"remove\",\"link_style\":\"text\",\"link_text\":\"Read more\",\"margin\":\"default\",\"meta_align\":\"below-title\",\"meta_element\":\"div\",\"meta_margin\":\"remove\",\"meta_style\":\"text-meta\",\"panel_link\":true,\"parallax_easing\":\"1\",\"show_content\":true,\"show_hover_image\":true,\"show_hover_video\":true,\"show_image\":true,\"show_link\":true,\"show_meta\":true,\"show_title\":true,\"show_video\":true,\"title_align\":\"top\",\"title_element\":\"h3\",\"title_grid_breakpoint\":\"m\",\"title_grid_width\":\"1-2\",\"title_hover_style\":\"reset\",\"title_margin\":\"small\",\"title_style\":\"h4\"},\"children\":[{\"type\":\"grid_item\",\"props\":{\"link_text\":\"Lue uutinen\"},\"source\":{\"query\":{\"name\":\"posts.customPosts\",\"arguments\":{\"terms\":[14],\"category_operator\":\"IN\",\"post_tag_operator\":\"IN\",\"users\":[],\"users_operator\":\"IN\",\"offset\":0,\"limit\":6,\"order\":\"date\",\"order_direction\":\"DESC\"}},\"props\":{\"title\":{\"filters\":{\"search\":\"\"},\"name\":\"title\"},\"meta\":{\"filters\":{\"search\":\"\",\"date\":\"\"},\"name\":\"date\"},\"content\":{\"filters\":{\"search\":\"\",\"limit\":80},\"arguments\":{\"show_intro_text\":true},\"name\":\"content\"},\"link\":{\"name\":\"link\"}}}}]}]}]}]}],\"version\":\"4.5.3\",\"yooessentialsVersion\":\"1.8.14\"} --><\/p>\n","protected":false},"excerpt":{"rendered":"<p>Tiikerit F-junnut E-junnut D-junnut C-junnut B-junnut Juniorit Kuusamon Pallo-Karhujen lentopallotoiminnassa on mukana l\u00e4hes 80 junioria. Lis\u00e4\u00e4 uusia palloilijoita mahtuu joukkueisiin. Toimintaa on pojille ja tyt\u00f6ille alle kouluik\u00e4isist\u00e4 (tiikerikerho) aina lukiolaisiin asti (A-tyt\u00f6t). Miksi lentopallo voisi olla harrastuksesi? Lentopallon harrastaminen sopii kaikenkokoisille ja -ik\u00e4isille liikkujille. Laji kehitt\u00e4\u00e4 harrastajiaan monipuolisesti (liikkumisvalmius, pallon arviontikyky, nopeus, kest\u00e4vyys&#8230;). Lentopallo on [&hellip;]<\/p>\n","protected":false},"author":1,"featured_media":1349,"parent":0,"menu_order":9,"comment_status":"open","ping_status":"closed","template":"","meta":{"footnotes":""},"class_list":["post-16","page","type-page","status-publish","has-post-thumbnail","hentry"],"yoast_head":"<!-- This site is optimized with the Yoast SEO plugin v27.4 - https:\/\/yoast.com\/product\/yoast-seo-wordpress\/ -->\n<title>Lentopallojuniorit - Pallokarhut, lentopallo<\/title>\n<meta name=\"description\" content=\"Lentopallon harrastaminen sopii kaikenkokoisille ja -ik\u00e4isille liikkujille. Laji kehitt\u00e4\u00e4 harrastajiaan monipuolisesti\" \/>\n<meta name=\"robots\" content=\"index, follow, max-snippet:-1, max-image-preview:large, max-video-preview:-1\" \/>\n<link rel=\"canonical\" href=\"https:\/\/www.pallokarhut.fi\/lentopallo\/lentopallojuniorit\/\" \/>\n<meta property=\"og:locale\" content=\"fi_FI\" \/>\n<meta property=\"og:type\" content=\"article\" \/>\n<meta property=\"og:title\" content=\"Lentopallojuniorit - Pallokarhut, lentopallo\" \/>\n<meta property=\"og:description\" content=\"Lentopallon harrastaminen sopii kaikenkokoisille ja -ik\u00e4isille liikkujille. Laji kehitt\u00e4\u00e4 harrastajiaan monipuolisesti\" \/>\n<meta property=\"og:url\" content=\"https:\/\/www.pallokarhut.fi\/lentopallo\/lentopallojuniorit\/\" \/>\n<meta property=\"og:site_name\" content=\"Pallokarhut, lentopallo\" \/>\n<meta property=\"article:modified_time\" content=\"2025-01-31T09:52:49+00:00\" \/>\n<meta property=\"og:image\" content=\"https:\/\/www.pallokarhut.fi\/lentopallo\/wp-content\/uploads\/2022\/03\/PaKa_D_2009_juniorit.jpg\" \/>\n\t<meta property=\"og:image:width\" content=\"2363\" \/>\n\t<meta property=\"og:image:height\" content=\"1688\" \/>\n\t<meta property=\"og:image:type\" content=\"image\/jpeg\" \/>\n<meta name=\"twitter:card\" content=\"summary_large_image\" \/>\n<meta name=\"twitter:label1\" content=\"Arvioitu lukuaika\" \/>\n\t<meta name=\"twitter:data1\" content=\"1 minuutti\" \/>\n<script type=\"application\/ld+json\" class=\"yoast-schema-graph\">{\"@context\":\"https:\\\/\\\/schema.org\",\"@graph\":[{\"@type\":\"WebPage\",\"@id\":\"https:\\\/\\\/www.pallokarhut.fi\\\/lentopallo\\\/lentopallojuniorit\\\/\",\"url\":\"https:\\\/\\\/www.pallokarhut.fi\\\/lentopallo\\\/lentopallojuniorit\\\/\",\"name\":\"Lentopallojuniorit - Pallokarhut, lentopallo\",\"isPartOf\":{\"@id\":\"https:\\\/\\\/www.pallokarhut.fi\\\/lentopallo\\\/#website\"},\"primaryImageOfPage\":{\"@id\":\"https:\\\/\\\/www.pallokarhut.fi\\\/lentopallo\\\/lentopallojuniorit\\\/#primaryimage\"},\"image\":{\"@id\":\"https:\\\/\\\/www.pallokarhut.fi\\\/lentopallo\\\/lentopallojuniorit\\\/#primaryimage\"},\"thumbnailUrl\":\"https:\\\/\\\/www.pallokarhut.fi\\\/lentopallo\\\/wp-content\\\/uploads\\\/2022\\\/03\\\/PaKa_D_2009_juniorit.jpg\",\"datePublished\":\"2011-08-05T10:51:21+00:00\",\"dateModified\":\"2025-01-31T09:52:49+00:00\",\"description\":\"Lentopallon harrastaminen sopii kaikenkokoisille ja -ik\u00e4isille liikkujille. Laji kehitt\u00e4\u00e4 harrastajiaan monipuolisesti\",\"breadcrumb\":{\"@id\":\"https:\\\/\\\/www.pallokarhut.fi\\\/lentopallo\\\/lentopallojuniorit\\\/#breadcrumb\"},\"inLanguage\":\"fi\",\"potentialAction\":[{\"@type\":\"ReadAction\",\"target\":[\"https:\\\/\\\/www.pallokarhut.fi\\\/lentopallo\\\/lentopallojuniorit\\\/\"]}]},{\"@type\":\"ImageObject\",\"inLanguage\":\"fi\",\"@id\":\"https:\\\/\\\/www.pallokarhut.fi\\\/lentopallo\\\/lentopallojuniorit\\\/#primaryimage\",\"url\":\"https:\\\/\\\/www.pallokarhut.fi\\\/lentopallo\\\/wp-content\\\/uploads\\\/2022\\\/03\\\/PaKa_D_2009_juniorit.jpg\",\"contentUrl\":\"https:\\\/\\\/www.pallokarhut.fi\\\/lentopallo\\\/wp-content\\\/uploads\\\/2022\\\/03\\\/PaKa_D_2009_juniorit.jpg\",\"width\":2363,\"height\":1688},{\"@type\":\"BreadcrumbList\",\"@id\":\"https:\\\/\\\/www.pallokarhut.fi\\\/lentopallo\\\/lentopallojuniorit\\\/#breadcrumb\",\"itemListElement\":[{\"@type\":\"ListItem\",\"position\":1,\"name\":\"Etusivu\",\"item\":\"https:\\\/\\\/www.pallokarhut.fi\\\/lentopallo\\\/\"},{\"@type\":\"ListItem\",\"position\":2,\"name\":\"Lentopallojuniorit\"}]},{\"@type\":\"WebSite\",\"@id\":\"https:\\\/\\\/www.pallokarhut.fi\\\/lentopallo\\\/#website\",\"url\":\"https:\\\/\\\/www.pallokarhut.fi\\\/lentopallo\\\/\",\"name\":\"Pallokarhut, lentopallo\",\"description\":\"Lentopalloa Kuusamossa\",\"potentialAction\":[{\"@type\":\"SearchAction\",\"target\":{\"@type\":\"EntryPoint\",\"urlTemplate\":\"https:\\\/\\\/www.pallokarhut.fi\\\/lentopallo\\\/?s={search_term_string}\"},\"query-input\":{\"@type\":\"PropertyValueSpecification\",\"valueRequired\":true,\"valueName\":\"search_term_string\"}}],\"inLanguage\":\"fi\"}]}<\/script>\n<!-- \/ Yoast SEO plugin. -->","yoast_head_json":{"title":"Lentopallojuniorit - Pallokarhut, lentopallo","description":"Lentopallon harrastaminen sopii kaikenkokoisille ja -ik\u00e4isille liikkujille. Laji kehitt\u00e4\u00e4 harrastajiaan monipuolisesti","robots":{"index":"index","follow":"follow","max-snippet":"max-snippet:-1","max-image-preview":"max-image-preview:large","max-video-preview":"max-video-preview:-1"},"canonical":"https:\/\/www.pallokarhut.fi\/lentopallo\/lentopallojuniorit\/","og_locale":"fi_FI","og_type":"article","og_title":"Lentopallojuniorit - Pallokarhut, lentopallo","og_description":"Lentopallon harrastaminen sopii kaikenkokoisille ja -ik\u00e4isille liikkujille. Laji kehitt\u00e4\u00e4 harrastajiaan monipuolisesti","og_url":"https:\/\/www.pallokarhut.fi\/lentopallo\/lentopallojuniorit\/","og_site_name":"Pallokarhut, lentopallo","article_modified_time":"2025-01-31T09:52:49+00:00","og_image":[{"width":2363,"height":1688,"url":"https:\/\/www.pallokarhut.fi\/lentopallo\/wp-content\/uploads\/2022\/03\/PaKa_D_2009_juniorit.jpg","type":"image\/jpeg"}],"twitter_card":"summary_large_image","twitter_misc":{"Arvioitu lukuaika":"1 minuutti"},"schema":{"@context":"https:\/\/schema.org","@graph":[{"@type":"WebPage","@id":"https:\/\/www.pallokarhut.fi\/lentopallo\/lentopallojuniorit\/","url":"https:\/\/www.pallokarhut.fi\/lentopallo\/lentopallojuniorit\/","name":"Lentopallojuniorit - Pallokarhut, lentopallo","isPartOf":{"@id":"https:\/\/www.pallokarhut.fi\/lentopallo\/#website"},"primaryImageOfPage":{"@id":"https:\/\/www.pallokarhut.fi\/lentopallo\/lentopallojuniorit\/#primaryimage"},"image":{"@id":"https:\/\/www.pallokarhut.fi\/lentopallo\/lentopallojuniorit\/#primaryimage"},"thumbnailUrl":"https:\/\/www.pallokarhut.fi\/lentopallo\/wp-content\/uploads\/2022\/03\/PaKa_D_2009_juniorit.jpg","datePublished":"2011-08-05T10:51:21+00:00","dateModified":"2025-01-31T09:52:49+00:00","description":"Lentopallon harrastaminen sopii kaikenkokoisille ja -ik\u00e4isille liikkujille. Laji kehitt\u00e4\u00e4 harrastajiaan monipuolisesti","breadcrumb":{"@id":"https:\/\/www.pallokarhut.fi\/lentopallo\/lentopallojuniorit\/#breadcrumb"},"inLanguage":"fi","potentialAction":[{"@type":"ReadAction","target":["https:\/\/www.pallokarhut.fi\/lentopallo\/lentopallojuniorit\/"]}]},{"@type":"ImageObject","inLanguage":"fi","@id":"https:\/\/www.pallokarhut.fi\/lentopallo\/lentopallojuniorit\/#primaryimage","url":"https:\/\/www.pallokarhut.fi\/lentopallo\/wp-content\/uploads\/2022\/03\/PaKa_D_2009_juniorit.jpg","contentUrl":"https:\/\/www.pallokarhut.fi\/lentopallo\/wp-content\/uploads\/2022\/03\/PaKa_D_2009_juniorit.jpg","width":2363,"height":1688},{"@type":"BreadcrumbList","@id":"https:\/\/www.pallokarhut.fi\/lentopallo\/lentopallojuniorit\/#breadcrumb","itemListElement":[{"@type":"ListItem","position":1,"name":"Etusivu","item":"https:\/\/www.pallokarhut.fi\/lentopallo\/"},{"@type":"ListItem","position":2,"name":"Lentopallojuniorit"}]},{"@type":"WebSite","@id":"https:\/\/www.pallokarhut.fi\/lentopallo\/#website","url":"https:\/\/www.pallokarhut.fi\/lentopallo\/","name":"Pallokarhut, lentopallo","description":"Lentopalloa Kuusamossa","potentialAction":[{"@type":"SearchAction","target":{"@type":"EntryPoint","urlTemplate":"https:\/\/www.pallokarhut.fi\/lentopallo\/?s={search_term_string}"},"query-input":{"@type":"PropertyValueSpecification","valueRequired":true,"valueName":"search_term_string"}}],"inLanguage":"fi"}]}},"_links":{"self":[{"href":"https:\/\/www.pallokarhut.fi\/lentopallo\/wp-json\/wp\/v2\/pages\/16","targetHints":{"allow":["GET"]}}],"collection":[{"href":"https:\/\/www.pallokarhut.fi\/lentopallo\/wp-json\/wp\/v2\/pages"}],"about":[{"href":"https:\/\/www.pallokarhut.fi\/lentopallo\/wp-json\/wp\/v2\/types\/page"}],"author":[{"embeddable":true,"href":"https:\/\/www.pallokarhut.fi\/lentopallo\/wp-json\/wp\/v2\/users\/1"}],"replies":[{"embeddable":true,"href":"https:\/\/www.pallokarhut.fi\/lentopallo\/wp-json\/wp\/v2\/comments?post=16"}],"version-history":[{"count":29,"href":"https:\/\/www.pallokarhut.fi\/lentopallo\/wp-json\/wp\/v2\/pages\/16\/revisions"}],"predecessor-version":[{"id":3874,"href":"https:\/\/www.pallokarhut.fi\/lentopallo\/wp-json\/wp\/v2\/pages\/16\/revisions\/3874"}],"wp:featuredmedia":[{"embeddable":true,"href":"https:\/\/www.pallokarhut.fi\/lentopallo\/wp-json\/wp\/v2\/media\/1349"}],"wp:attachment":[{"href":"https:\/\/www.pallokarhut.fi\/lentopallo\/wp-json\/wp\/v2\/media?parent=16"}],"curies":[{"name":"wp","href":"https:\/\/api.w.org\/{rel}","templated":true}]}}